7145 (base 13) to base 4.
32111100220
Convert 12861620 (base 10) to base 15.
11e0cb5
What is -1358b (base 14) in base 3?
-2102111120
Convert -1b3a26 (base 12) to base 3.
-220120100110
56570777 (base 8) to base 4
232233013333
What is -1300572 (base 11) in base 15?
-2e83ed
What is -63643 (base 11) in base 9?
-151032
Convert -abc15c (base 14) to base 8.
-26202446
Convert -4113014110 (base 5) to base 9.
-16604555
2815000 (base 9) to base 13
4215b1
-1010010101001110111 (base 2) to base 4
-1102221313
Convert 674b (base 14) to base 13.
81c2
-5112133 (base 7) to base 13
-183ab7
What is -1000450452 (base 6) in base 11?
-578998a
10110111000111111101 (base 2) to base 6
24024325
Convert 102101202020201 (base 3) to base 14.
b39746
-155686 (base 9) to base 4
-113130333
Convert -32043241 (base 6) to base 2.
-11100101010000101001
-62807 (base 14) to base 13
-8418a
What is 32516856 (base 9) in base 15?
15a75b3
1026154 (base 7) to base 9
208821
-12715755 (base 8) to base 5
-1212423330
Convert -5142764 (base 8) to base 13.
-38887a
Convert -1ce76 (base 16) to base 9.
-200354
Convert 852a3 (base 11) to base 6.
2354414
2a50bd (base 16) to base 10
2773181
What is -100110101000010100 (base 2) in base 14?
-41940
What is 1001010100001100010 (base 2) in base 15?
606a0
Convert 4443302 (base 9) to base 3.
11111110100002
1354103313 (base 6) to base 15
17017c9
What is 203100 (base 5) in base 14?
25d0
206606116 (base 7) to base 2
101111000100010100011010
What is -14046567 (base 8) in base 7?
-35623015
What is -16b540 (base 12) in base 3?
-201222010110
Convert 201343 (base 6) to base 4.
3320133
What is 461871 (base 10) in base 13?
1322c7
What is -110002122112 (base 3) in base 5?
-30110002
What is -52605 (base 11) in base 6?
-1350342
1567793 (base 11) to base 7
31510424
What is 133300030203 (base 4) in base 3?
120122220012200
-42380 (base 11) to base 14
-18697
-86131 (base 11) to base 8
-364525
Convert -34320044 (base 5) to base 6.
-10331420
Convert 5dc35 (base 15) to base 5.
34043000
Convert 5541158 (base 11) to base 10.
9723139
20bbb (base 15) to base 7
611630
-1549a37 (base 12) to base 3
-22010222210221
What is -2631066 (base 7) in base 2?
-1010011111010110110
What is -300031004 (base 5) in base 14?
-227b27
7109c (base 14) to base 4
1002112302
What is -175303 (base 10) in base 16?
-2acc7
Convert 197511 (base 15) to base 8.
4565326
Convert -13608227 (base 9) to base 3.
-110200022020221
What is 680303 (base 12) in base 4?
12111012303
What is 259713 (base 13) in base 7?
10463313
What is -801254 (base 9) in base 3?
-220001021211
What is -1022211110 (base 3) in base 13?
-bb74
What is 1e1880 (base 15) in base 14?
2a4d64
-2414541 (base 6) to base 5
-13024111
What is -bb084 (base 12) in base 15?
-4d3a4
-3210014012 (base 5) to base 10
-6719882
What is -258768 (base 9) in base 2?
-100110011010110100
-1c4437 (base 13) to base 4
-2300221033
What is -19520 (base 13) in base 6?
-1015445
Convert -266482 (base 10) to base 11.
-172237
What is -a3bbc (base 14) in base 2?
-1100000010111011010
What is 44230013 (base 5) in base 8?
1354235
69533 (base 11) to base 13
36962
What is -89666 (base 10) in base 11?
-61405
-42a59 (base 11) to base 14
-18ac4
What is 2296255 (base 10) in base 9?
4278774
Convert 520200 (base 14) to base 11.
161a439
Convert 480178 (base 10) to base 2.
1110101001110110010
4227428 (base 9) to base 4
20220112211
Convert 2e4544 (base 16) to base 8.
13442504
Convert 3766141 (base 8) to base 13.
2a6cb4
What is -433565 (base 7) in base 15?
-176a2
-120031 (base 10) to base 14
-31a59
Convert 1124331121 (base 5) to base 13.
6c1732
What is -100246460 (base 7) in base 11?
-3309415
Convert -2220222022202 (base 3) to base 8.
-5734040
What is -356ac (base 13) in base 7?
-555126
What is 1470303 (base 8) in base 6?
13014031
What is e1e74 (base 15) in base 3?
1100100022201
Convert -31334160 (base 7) to base 15.
-374610
-17858 (base 14) to base 13
-20c93
e00877 (base 16) to base 13
3070b15
Convert 27617422 (base 8) to base 16.
5f1f12
What is -231302112 (base 4) in base 16?
-2dc96
-10020002210111 (base 3) to base 8
-6424433
88a853 (base 15) to base 13
1471902
Convert 16226341 (base 7) to base 8.
5772447
Convert 3310300010 (base 4) to base 14.
1c14b2
-4df8a (base 16) to base 12
-1349a2
Convert 11795a3 (base 11) to base 7.
23256152
What is 7817490 (base 10) in base 11?
445a43a
Convert c5a62 (base 13) to base 7.
3010256
What is -2dc49 (base 14) in base 6?
-2244013
What is -1132312323 (base 4) in base 2?
-1011110110110111011
-1100111100001010100 (base 2) to base 15
-85980
84d43 (base 14) to base 8
1162617
222121120 (base 3) to base 7
110364
1488308 (base 9) to base 2
11001001101101100000
Convert 12cd30 (base 15) to base 16.
dcb9f
Convert 96244 (base 10) to base 7.
550411
What is 1a765c (base 14) in base 10?
942450
What is 21200012121 (base 3) in base 11?
a3542
What is -11100011110110100001 (base 2) in base 15?
-1367db
Convert 1303212 (base 5) to base 9.
37787
-140530630 (base 7) to base 9
-18186141
What is 100010100010000100000011 (base 2) in base 14?
12b8db5
What is -436211 (base 15) in base 10?
-3210091
Convert -37a997 (base 11) to base 4.
-2102201101
Convert -217362 (base 12) to base 11.
-332a4a
What is 100000110101011101010 (base 2) in base 8?
4065352
100101101101 (base 2) to base 16
96d
11010111111101111010 (base 2) to base 11
554684
What is 17b2c4 (base 16) in base 2?
101111011001011000100
Convert -2021210021011 (base 3) to base 4.
-10220322211
46654561 (base 7) to base 9
7661117
-450525 (base 6) to base 13
-14273
What is 100645 (base 9) in base 8?
164270
Convert 1404322 (base 7) to base 2.
101101100000101100
Convert -2282486 (base 10) to base 7.
-25254323
Convert 455c4 (base 13) to base 2.
11110110100011010
Convert 15140305 (base 7) to base 8.
5371217
What is -27579 (base 14) in base 8?
-275547
Convert -308b4 (base 15) to base 9.
-254027
10020000100 (base 3) to base 8
173710
75bb43 (base 12) to base 2
111000111100110100011
Convert 395a96a (base 11) to base 5.
3223224242
-6432325 (base 8) to base 16
-1a34d5
What is 54073 (base 11) in base 5?
10003414
What is 13511544 (base 6) in base 3?
212101200201
10001001100101011001 (base 2) to base 11
355444
What is 332619 (base 12) in base 13?
2260bc
-1011011000001101001 (base 2) to base 7
-3112000
What is 2330113023 (base 4) in base 11?
487732
-1322431 (base 6) to base 12
-36417
-2043201 (base 5) to base 4
-20112000
Convert 5142772 (base 8) to base 3.
2120011111022
Convert 714060 (base 8) to base 4.
321200300
445932 (base 14) to base 10
2320488
What is 1027232 (base 8) in base 14?
71c4a
What is 12222201001 (base 3) in base 13?
4186c
Convert -1a59086 (base 11) to base 16.
-34e855
What is -31013221230 (base 4) in base 10?
-3439212
What is 14431410 (base 5) in base 9?
255837
What is 10130002134 (base 5) in base 6?
1010414035
Convert -44207715 (base 8) to base 16.
-910fcd
212221001012 (base 4) to base 7
152046002
What is -3062b (base 16) in base 14?
-52323
4643011 (base 8) to base 12
50ab75
Convert -580181 (base 9) to base 16.
-54eef
What is 19e9f (base 16) in base 10?
106143
Convert 9345ad (base 16) to base 3.
200011100112202
What is 10010100010011110111011 (base 2) in base 8?
22423673
1112112200212 (base 3) to base 5
202131333
1110001011010001 (base 2) to base 11
3a697
Convert 6430760 (base 10) to base 5.
3121241020
3144077 (base 9) to base 11
a4a189
-41924a7 (base 11) to base 13
-16b6254
384843 (base 10) to base 9
645813
-589c (base 13) to base 12
-726a
-4597198 (base 12) to base 11
-76139aa
Convert -134970 (base 11) to base 3.
-101202002000
Convert 11240140 (base 6) to base 10.
347388
4223353 (base 6) to base 8
621365
-1915c (base 14) to base 8
-173636
What is 315313150 (base 6) in base 9?
11440673
-325202045 (base 6) to base 8
-26235715
Convert -100011000110010001100 (base 2) to base 15.
-17ab7c
What is -85ee0 (base 16) in base 15?
-ac81b
-66c79 (base 14) to base 11
-160435
Convert -879789 (base 10) to base 2.
-11010110110010101101
What is 74007 (base 8) in base 2?
111100000000111
121201101001 (base 3) to base 12
13a50a
3079d3 (base 16) to base 12
10925ab
32a7a8 (base 14) to base 16
1a3be0
What is da86f2 (base 16) in base 9?
28847230
-2130233231 (base 4) to base 11
-3a9403
-ec5d3 (base 16) to base 4
-3230113103
Convert -110000001100001001 (base 